when 112 is divided by 11?
2
Calculate the remainder when 4644 is divided by 1159.
8
Calculate the remainder when 859 is divided by 174.
163
Calculate the remainder when 1541 is divided by 27.
2
Calculate the remainder when 1660 is divided by 79.
1
Calculate the remainder when 1504 is divided by 102.
76
What is the remainder when 6 is divided by 3?
0
What is the remainder when 1878 is divided by 1869?
9
What is the remainder when 279 is divided by 40?
39
What is the remainder when 3515 is divided by 294?
281
Calculate the remainder when 316 is divided by 105.
1
Calculate the remainder when 1319 is divided by 226.
189
What is the remainder when 71 is divided by 24?
23
Calculate the remainder when 697 is divided by 32.
25
Calculate the remainder when 86 is divided by 47.
39
Calculate the remainder when 1741 is divided by 67.
66
What is the remainder when 670 is divided by 115?
95
What is the remainder when 9238 is divided by 231?
229
Calculate the remainder when 43 is divided by 13.
4
What is the remainder when 36 is divided by 10?
6
What is the remainder when 256 is divided by 93?
70
Calculate the remainder when 1561 is divided by 222.
7
Calculate the remainder when 102 is divided by 93.
9
What is the remainder when 1204 is divided by 590?
24
What is the remainder when 502 is divided by 164?
10
What is the remainder when 588 is divided by 8?
4
What is the remainder when 267 is divided by 18?
15
What is the remainder when 16061 is divided by 12?
5
Calculate the remainder when 3652 is divided by 23.
18
What is the remainder when 685 is divided by 14?
13
Calculate the remainder when 1284 is divided by 47.
15
What is the remainder when 3059 is divided by 30?
29
Calculate the remainder when 22 is divided by 12.
10
Calculate the remainder when 310 is divided by 52.
50
Calculate the remainder when 5070 is divided by 195.
0
Calculate the remainder when 581 is divided by 39.
35
Calculate the remainder when 134 is divided by 30.
14
What is the remainder when 26 is divided by 7?
5
Calculate the remainder when 525 is divided by 105.
0
Calculate the remainder when 37 is divided by 30.
7
Calculate the remainder when 86 is divided by 36.
14
What is the remainder when 265 is divided by 64?
9
What is the remainder when 264 is divided by 56?
40
What is the remainder when 636 is divided by 33?
9
What is the remainder when 2861 is divided by 159?
158
What is the remainder when 41 is divided by 23?
18
What is the remainder when 544 is divided by 163?
55
Calculate the remainder when 144 is divided by 69.
6
What is the remainder when 22 is divided by 14?
8
Calculate the remainder when 356 is divided by 137.
82
What is the remainder when 439 is divided by 83?
24
Calculate the remainder when 147 is divided by 66.
15
Calculate the remainder when 500 is divided by 106.
76
Calculate the remainder when 468 is divided by 82.
58
Calculate the remainder when 547 is divided by 29.
25
Calculate the remainder when 104 is divided by 28.
20
Calculate the remainder when 1087 is divided by 18.
7
What is the remainder when 1049 is divided by 132?
125
Calculate the remainder when 168 is divided by 1.
0
Calculate the remainder when 10064 is divided by 7.
5
Calculate the remainder when 432 is divided by 87.
84
What is the remainder when 2240 is divided by 249?
248
What is the remainder when 700 is divided by 19?
16
Calculate the remainder when 1274 is divided by 11.
9
What is the remainder when 265 is divided by 91?
83
Calculate the remainder when 169 is divided by 34.
33
What is the remainder when 165 is divided by 67?
31
What is the remainder when 1150 is divided by 77?
72
Calculate the remainder when 2551 is divided by 69.
67
Calculate the remainder when 1052 is divided by 350.
2
What is the remainder when 6141 is divided by 83?
82
Calculate the remainder when 23 is divided by 21.
2
Calculate the remainder when 707 is divided by 188.
143
Calculate the remainder when 94 is divided by 25.
19
What is the remainder when 7521 is divided by 215?
211
Calculate the remainder when 446 is divided by 75.
71
What is the remainder when 14237 is divided by 63?
62
Calculate the remainder when 2650 is divided by 1325.
0
What is the remainder when 58 is divided by 11?
3
Calculate the remainder when 302 is divided by 19.
17
What is the remainder when 223 is divided by 75?
73
What is the remainder when 12636 is divided by 71?
69
What is the remainder when 87 is divided by 8?
7
What is the remainder when 122 is divided by 7?
3
Calculate the remainder when 134 is divided by 71.
63
Calculate the remainder when 7776 is divided by 251.
246
What is the remainder when 66 is divided by 22?
0
What is the remainder when 4812 is divided by 71?
55
Calculate the remainder when 515 is divided by 77.
53
What is the remainder when 279 is divided by 190?
89
What is the remainder when 1293 is divided by 144?
141
Calculate the remainder when 1825 is divided by 228.
1
Calculate the remainder when 54 is divided by 17.
3
Calculate the remainder when 306 is divided by 22.
20
Calculate the remainder when 186 is divided by 18.
6
Calculate the remainder when 435 is divided by 17.
10
What is the remainder when 178 is divided by 14?
10
Calculate the remainder when 125 is divided by 10.
5
What is the remainder when 67 is divided by 32?
3
What is the remainder when 162 is divided by 15?
12
Calculate the remainder when 255 is divided by 9.
3
What is the remainder when 187 is divided by 2?
1
Calculate the remainder when 338 is divided by 87.
77
What is the remainder when 141 is divided by 36?
33
What is the remainder when 58 is divided by 49?
9
Calculate the remainder when 89 is divided by 24.
17
Calculate the remainder when 301 is divided by 2.
1
What is the remainder when 9151 is divided by 457?
11
Calculate the remainder when 867 is divided by 209.
31
What is the remainder when 1043 is divided by 34?
23
Calculate the remainder when 345 is divided by 317.
28
Calculate the remainder when 311 is divided by 6.
5
Calculate the remainder when 5715 is divided by 143.
138
Calculate the remainder when 670 is divided by 221.
7
Calculate the remainder when 170 is divided by 102.
68
Calculate the remainder when 2377 is divided by 85.
82
Calculate the remainder when 199 is divided by 84.
31
Calculate the remainder when 10542 is divided by 185.
182
What is the remainder when 108 is divided by 33?
9
What is the remainder when 255 is divided by 65?
60
What is the remainder when 787 is divided by 36?
31
What is the remainder when 608 is divided by 21?
20
What is the remainder when 335 is divided by 17?
12
Calculate the remainder when 515 is divided by 11.
9
Calculate the remainder when 38 is divided by 20.
18
Calculate the remainder when 2776 is divided by 20.
16
Calculate the remainder when 214 is divided by 64.
22
What is the remainder when 126 is divided by 94?
32
What is the remainder when 3892 is divided by 33?
31
Calculate the remainder when 154 is divided by 3.
1
What is the remainder when 106 is divided by 57?
49
Calculate the remainder when 1167 is divided by 383.
18
What is the remainder when 1753 is divided by 134?
11
What is the remainder when 2238 is divided by 102?
96
Calculate the remainder when 124 is divided by 6.
4
Calculate the remainder when 132 is divided by 70.
62
What is the remainder when 922 is divided by 58?
52
Calculate the remainder when 233 is divided by 7.
2
What is the remainder when 751 is divided by 54?
49
What is the remainder when 236 is divided by 14?
12
What is the remainder when 12281 is divided by 27?
23
What is the remainder when 144 is divided by 6?
0
Calculate the remainder when 81 is divided by 42.
39
Calculate the remainder when 278 is divided by 20.
18
Calculate the remainder when 1526 is divided by 172.
150
Calculate the remainder when 651 is divided by 306.
39
Calculate the remainder when 122 is divided by 16.
10
Calculate the remainder when 57 is divided by 30.
27
What is the remainder when 3967 is divided by 27?
25
Calculate the remainder when 177 is divided by 89.
88
Calculate the remainder when 2582 is divided by 8.
6
What is the remainder when 189 is divided by 12?
9
Calculate the remainder when 536 is divided by 12.
8
What is the remainder when 374 is divided by 54?
50
What is the remainder